What is the units digit of a(f)?
9
Suppose -4*l = -4*h - 0*h - 260, -5*l + 321 = -3*h. Let s = l + -41. What is the tens digit of s?
2
Let n = -10 - -3. Let s = -4 - n. What is the tens digit of -1*2 + (15 - s)?
1
Suppose -b - b + 34 = 0. Suppose 2*r - 11 = b. What is the tens digit of r?
1
Let p(g) = g**3 - 18*g**2 + 11*g - 11. Let s(x) = x**3 - 19*x**2 + 11*x - 12. Let n(z) = -5*p(z) + 4*s(z). What is the units digit of n(13)?
3
Let d(i) = 4*i**3 + 12*i**2 + 15*i - 7. Let y(a) = -5*a**3 - 12*a**2 - 15*a + 7. Let t(z) = -4*d(z) - 3*y(z). What is the units digit of t(-11)?
1
Let w = 5 - -30. What is the units digit of w?
5
Suppose 6*i = -3 + 33. Suppose i*l - 168 = 2*l. What is the units digit of l?
6
What is the units digit of (-4100)/(-80) - (-1)/(-4)?
1
Suppose -2*i = -4*k + 3*k + 62, 2*k - 2*i - 134 = 0. What is the units digit of k?
2
Let s(m) = 8*m**2 - 4*m + 3. What is the units digit of s(2)?
7
Let x be (-82)/(-7) + 2/7. Suppose d + 5*j - x = 0, d + 33 = 6*d - 2*j. What is the units digit of d?
7
Let c = 51 + -22. Let k = c + -15. What is the units digit of k?
4
Let s(j) = j**3 - j**2 + j + 2. What is the tens digit of s(4)?
5
Let y = -114 + 138. What is the tens digit of y?
2
Let g = 1 - -1. Suppose -4*k + 70 = -g*f, 5*k - 2*k = -3*f + 30. What is the units digit of k?
5
Let y be 2/((-4)/(-75))*2. What is the units digit of (y/20)/(2/8)?
5
Let c(i) = -i**2 + 6*i. Let t be c(7). Let s(r) = r + 13. What is the units digit of s(t)?
6
Suppose z + 1 - 7 = 3*s, -2*z - 5*s = -1. Suppose 2*t - 5*k = 77, 36 = t + k - z*k. What is the units digit of t?
6
Suppose 5*n - 2 = 28. Suppose 0*l + 3*l = -4*w + 35, -w = -2*l - n. Suppose 3*g + g = w. What is the units digit of g?
2
Let o be (2 + -2)/1 + 135. Suppose -4*z = z - o. What is the units digit of z?
7
Let b(c) = -c**2 + 7*c - 2. Let u be b(6). Let d(n) = 2*n. Let r be d(u). Let f = r - -6. What is the tens digit of f?
1
Let y = -8 + 11. Suppose -4*v = 4*z - 32, -y*v + 5*v = z - 2. What is the units digit of z?
6
Let i = -2 - -2. Suppose 2*t + 4*u - 54 = i, 4*t - 2*u = -5*u + 128. Suppose -5*f + 65 = -t. What is the tens digit of f?
2
Let s(n) = -n - 1. What is the units digit of s(-6)?
5
Let g(i) = 3*i + 2. Let z = -5 - -7. What is the units digit of g(z)?
8
Let p = 136 - 118. What is the units digit of p?
8
Let v(j) = 31*j**2 + 1. What is the tens digit of v(1)?
3
Let q(w) = w - 5. Let a be q(9). Suppose 52 = -a*g + 240. What is the units digit of g?
7
Let y be 16 + (1 + -4 - -2). Suppose 6 = i + y. Let a(w) = w**3 + 9*w**2 + w + 13. What is the units digit of a(i)?
4
Let h be -15*((-5)/(-3))/(-5). Suppose -4 = 6*u - 2*u. Let g = u + h. What is the units digit of g?
4
Let f(q) be the first derivative of -q**4/4 - 4*q**3/3 + 5*q**2/2 + 3*q + 1. Let u be 3 - (2/(-8) - 132/(-16)). What is the units digit of f(u)?
3
Suppose 4*j - 44 = u, 55 = 5*j - 2*u + 5*u. What is the units digit of j?
1
Let a(u) = -u**3 + 7*u**2 + 6*u + 9. What is the tens digit of a(7)?
5
Let c = 270 - 144. What is the tens digit of c?
2
Suppose 2*k = 2 + 2. Let g(p) = 16*p + 4. What is the units digit of g(k)?
6
Let f = -10 + 19. What is the units digit of f?
9
Let r = 20 - 56. Let f = -54 - r. What is the units digit of 1/(2/f*-3)?
3
Let m(w) = -10*w - 1. Let k be m(-4). Let x = 73 - k. What is the units digit of x?
4
Suppose -2*r + 3 - 1 = 0, -i + 9 = -5*r. What is the units digit of i?
4
Let j(x) = 3*x**3 - 9*x - 3*x**3 + 10*x**2 - 4*x**3 + 9 + 3*x**3. What is the units digit of j(9)?
9
Let a(d) = -3*d**2 - 2*d + 6*d**2 + 1 - 3*d**2 + 16*d**3. What is the tens digit of a(1)?
1
Suppose 4*k = 3*a + 14, -2*a - a - 12 = -3*k. Suppose -56 = -2*y + 3*q, k*y + 2*q = 6*q + 56. What is the units digit of y?
8
Suppose -10 = -2*y, -y - 4*y = 5*j - 55. What is the units digit of j?
6
Let n(y) = 16*y**2 - 2*y + 1. What is the hundreds digit of n(-3)?
1
Suppose 3*h - h - 3*n = -4, -h = 3*n - 16. Let b = 8 - 4. Suppose h*a - b*g - 8 = 2*a, 28 = 5*a - 2*g. What is the units digit of a?
6
Let t = -266 - -573. What is the tens digit of t?
0
Let a = -56 + 26. Let n = a + 48. What is the units digit of n?
8
Let w = 154 + -109. What is the tens digit of w?
4
Suppose -z - d + 23 = z, 4*d = 5*z - 25. What is the units digit of 448/z + (-14)/(-63)?
0
Suppose -f + 3*w - 61 = 0, -7*f + 3*f + 2*w = 224. Let x = 77 + f. What is the units digit of x?
2
Let q = 132 - 51. What is the tens digit of q?
8
Let l = 2 - 0. Let u be l/2 + 6/(-3). What is the units digit of 1*(u*8)/(-1)?
8
Let a(w) = w**2 + 7*w - 4. Let p be a(-6). Let s be (p/(-30))/((-2)/12). Let q(h) = 4*h**2 - 3*h - 2. What is the tens digit of q(s)?
2
Suppose 0 = 4*g + g. Suppose j + 3 + 2 = g. What is the units digit of ((-22)/j)/(1/5)?
2
Let w = -3 + 3. Suppose w = 2*k - 2*o - 24, 1 - 52 = -4*k + o. What is the tens digit of k?
1
What is the units digit of 210*(1 - 4/(-8))?
5
Suppose 0 = q + q - 16. Suppose -q = 2*t - 4*t. Suppose -g + h + 5 = g, -g + t = h. What is the units digit of g?
3
Let w = -8 + 8. Suppose -4*y - 5*j - 3 = w, 7*y - 9 = 2*y - 2*j. Suppose -37 = -2*r - 3*v, 8*r - 4*v - 81 = y*r. What is the units digit of r?
7
Suppose -2 = -2*z + 50. What is the units digit of z?
6
Suppose -2*q - 2*q = 0. Let v(i) = 3*i + 3*i + q*i - 4 - i. What is the units digit of v(3)?
1
Let j(c) = c**3 - 8*c**2 - 20*c + 7. What is the units digit of j(10)?
7
Suppose -70 = -5*k + 2*n, 4*n + 28 = -4*k + 112. Suppose -5*b - 2 = 2*z - k, 0 = -2*z + b + 14. What is the units digit of z?
7
Let f = -18 + 20. Suppose o = f*o - 38. What is the units digit of o?
8
Suppose 2*q - 112 = -3*q + 3*f, f = -3*q + 56. Suppose 2*a + 2*g + 3 - 5 = 0, 5*a + 3*g - 9 = 0. Suppose a*p - p = q. What is the units digit of p?
0
Suppose 5*r - 12 = r. Let h be 5 - 2/(r + -1). Suppose 0*t - h*t + 28 = 0. What is the units digit of t?
7
What is the units digit of 72/(-42) + 2 - (-2264)/14?
2
Let s(i) = 4*i**3 + i**2 - i + 13. Let v(w) = -3*w**3 - w**2 + w - 13. Let t(x) = -2*s(x) - 3*v(x). What is the units digit of t(0)?
3
Let w = -11 - -22. What is the units digit of w?
1
Suppose 20*k - 2862 = 2138. What is the units digit of k?
0
Suppose 2*w + 3*w + 35 = 0. Let v = w + 7. Suppose -2*b + 24 + 6 = v. What is the tens digit of b?
1
Suppose 0 = -0*z + 4*z - 292. What is the units digit of z?
3
Suppose -6*g = -2*o - 5*g + 361, 4*o - 716 = -4*g. What is the hundreds digit of o?
1
Let z = -1 + 4. Suppose -4*g + 3*o + 28 = 0, -4*g - z*o + 9 + 43 = 0. Let j(u) = u**3 - 9*u**2 - 9*u + 2. What is the tens digit of j(g)?
1
Suppose 20*w = 19*w + 123. What is the tens digit of w?
2
Suppose k = -2*k - 6. Let u = 0 - k. What is the units digit of u?
2
Suppose 4*d = 126 - 42. What is the units digit of d?
1
Let d(z) = z**3 - 6*z**2 - 16*z - 10. What is the tens digit of d(9)?
8
Let f = -11 + 15. Let t(g) = g**3 - 3*g**2 + 4*g + 4. Let s be t(4). Suppose -f*y - s = -4*i, 2*i - 4*i - 4*y = -18. What is the units digit of i?
9
Let y = 8 + -4. Suppose 2*l - y*l + 4 = 0. What is the units digit of l?
2
Let f(t) = -t**2 + 11*t + 9. Let n be f(10). Suppose -2*v = -3*v + n. What is the tens digit of v?
1
Let c = -20 - -28. Suppose -4*n - 16 = -2*q, 2*q + 2*n - 8 = c. What is the units digit of q?
8
Suppose 0 = -0*k + k - 2. Suppose -3*s + 27 = 3*l, -7*s - l + 61 = -k*s. What is the units digit of s?
3
Let d(t) = -t**2 + 25*t - 12. What is the tens digit of d(20)?
8
Let v = -69 - -131. What is the units digit of v?
2
Let b(l) = 9*l**3 + 4*l**2 - 2*l - 1. What is the tens digit of b(2)?
8
Suppose -3*t + 3*x - 30 = 0, -t = -0*t + 2*x + 7. What is the units digit of (6 - t)*(0 - -1)?
5
Let j be 6/(-2) - 0 - 1. What is the units digit of 4 - (-5 + j/(-2))?
7
Let p(b) = -b**2 + 6*b - 4. Let v be p(4). Let w be (-1 + 2)/(v - 3). What is the units digit of 3 - w - 5*-1?
7
Suppose 3*f = 12 - 129. Let o = -75 - f. Let k = o - -50. What is the units digit of k?
4
Suppose -4*m + 3*f = -39, 57 = 4*m + f + 2*f. What is the units digit of m?
2
Let c(t) = t + 10. Let j be c(11). Suppose 2*g = 7*g + 25. Let v = j + g. What is the tens digit of v?
1
Let f = 1 + 2. Suppose 0 = -5*s - 25, f*l + 19 = l + s. What is the units digit of 3/4 + (-51)/l?
5
Suppose -3*j = -2*j - 39. What is the units digit of j?
9
Let m(f) = f**3 + 8*f**2 + 3*f - 1. Suppose 0 = 3*k +